{"id":14,"date":"2020-04-03T21:56:10","date_gmt":"2020-04-03T19:56:10","guid":{"rendered":"https:\/\/mahpack.pl\/?page_id=14"},"modified":"2022-09-16T14:25:29","modified_gmt":"2022-09-16T12:25:29","slug":"home","status":"publish","type":"page","link":"https:\/\/mahpack.pl\/","title":{"rendered":"O nas"},"content":{"rendered":"\t\t<div data-elementor-type=\"wp-page\" data-elementor-id=\"14\" class=\"elementor elementor-14\">\n\t\t\t\t\t\t<div class=\"elementor-inner\">\n\t\t\t\t<div class=\"elementor-section-wrap\">\n\t\t\t\t\t\t\t\t\t<section class=\"elementor-section elementor-top-section elementor-element elementor-element-21c9e42 elementor-section-stretched elementor-section-boxed elementor-section-height-default elementor-section-height-default\" data-id=\"21c9e42\" data-element_type=\"section\" data-settings=\"{&quot;stretch_section&quot;:&quot;section-stretched&quot;}\">\n\t\t\t\t\t\t<div class=\"elementor-container elementor-column-gap-default\">\n\t\t\t\t\t\t\t<div class=\"elementor-row\">\n\t\t\t\t\t<div class=\"elementor-column elementor-col-100 elementor-top-column elementor-element elementor-element-9345c4a\" data-id=\"9345c4a\" data-element_type=\"column\">\n\t\t\t<div class=\"elementor-column-wrap elementor-element-populated\">\n\t\t\t\t\t\t\t<div class=\"elementor-widget-wrap\">\n\t\t\t\t\t\t<div class=\"elementor-element elementor-element-3d1f3ca elementor-widget elementor-widget-heading\" data-id=\"3d1f3ca\" data-element_type=\"widget\" data-widget_type=\"heading.default\">\n\t\t\t\t<div class=\"elementor-widget-container\">\n\t\t\t<h2 class=\"elementor-heading-title elementor-size-default\"><h4 data-elementor-setting-key=\"title_text\" data-elementor-inline-editing-toolbar=\"none\" data-pen-placeholder=\"Pisz tutaj...\" style=\"margin-bottom: 58px; line-height: 29.97px; font-family: &quot;Abril Fatface&quot;, sans-serif; text-align: center;\">Nasz\u0105&nbsp;domen\u0105 jest elastyczno\u015b\u0107!<\/h4><\/h2>\t\t<\/div>\n\t\t\t\t<\/div>\n\t\t\t\t<div class=\"elementor-element elementor-element-997b5f0 elementor-widget elementor-widget-text-editor\" data-id=\"997b5f0\" data-element_type=\"widget\" data-widget_type=\"text-editor.default\">\n\t\t\t\t<div class=\"elementor-widget-container\">\n\t\t\t\t\t\t\t\t<div class=\"elementor-text-editor elementor-clearfix\">\n\t\t\t\t<p><span style=\"font-family: 'Source Sans Pro', sans-serif; font-size: 18px; text-align: center; white-space: pre-wrap;\">Firma<b> MAH PACK<\/b> wychodz\u0105c na przeciw potrzebom naszych Klient\u00f3w stale poszerza zakres dzia\u0142alno\u015bci.<\/span><\/p><p><br style=\"text-align: center; white-space: pre-wrap;\" \/><span style=\"font-family: 'Source Sans Pro', sans-serif; font-size: 18px; text-align: center; white-space: pre-wrap;\">Od 2017 roku dbamy, o zaopatrzenie firm handlowych, producent\u00f3w oraz piekarni i cukierni we wszelki asortyment zwi\u0105zany z opakowaniem i dystrybucj\u0105 sprzedawanych produkt\u00f3w. <\/span><\/p>\t\t\t\t\t<\/div>\n\t\t\t\t\t\t<\/div>\n\t\t\t\t<\/div>\n\t\t\t\t\t\t<\/div>\n\t\t\t\t\t<\/div>\n\t\t<\/div>\n\t\t\t\t\t\t\t\t<\/div>\n\t\t\t\t\t<\/div>\n\t\t<\/section>\n\t\t\t\t\t\t\t\t\t<\/div>\n\t\t\t<\/div>\n\t\t\t\t\t<\/div>\n\t\t","protected":false},"excerpt":{"rendered":"<p>Nasz\u0105&nbsp;domen\u0105 jest elastyczno\u015b\u0107! Firma MAH PACK wychodz\u0105c na przeciw potrzebom naszych Klient\u00f3w stale poszerza zakres dzia\u0142alno\u015bci. Od 2017 roku dbamy, o zaopatrzenie firm handlowych, producent\u00f3w oraz piekarni i cukierni we wszelki asortyment zwi\u0105zany z opakowaniem i dystrybucj\u0105 sprzedawanych produkt\u00f3w.<\/p>\n","protected":false},"author":1,"featured_media":0,"parent":0,"menu_order":0,"comment_status":"closed","ping_status":"closed","template":"","meta":{"footnotes":""},"class_list":["post-14","page","type-page","status-publish","hentry"],"yoast_head":"<!-- This site is optimized with the Yoast SEO plugin v19.6.1 - https:\/\/yoast.com\/wordpress\/plugins\/seo\/ -->\n<title>O nas - MAH PACK<\/title>\n<meta name=\"robots\" content=\"index, follow, max-snippet:-1, max-image-preview:large, max-video-preview:-1\" \/>\n<link rel=\"canonical\" href=\"https:\/\/mahpack.pl\/\" \/>\n<meta property=\"og:locale\" content=\"pl_PL\" \/>\n<meta property=\"og:type\" content=\"article\" \/>\n<meta property=\"og:title\" content=\"O nas - MAH PACK\" \/>\n<meta property=\"og:description\" content=\"Nasz\u0105&nbsp;domen\u0105 jest elastyczno\u015b\u0107! Firma MAH PACK wychodz\u0105c na przeciw potrzebom naszych Klient\u00f3w stale poszerza zakres dzia\u0142alno\u015bci. Od 2017 roku dbamy, o zaopatrzenie firm handlowych, producent\u00f3w oraz piekarni i cukierni we wszelki asortyment zwi\u0105zany z opakowaniem i dystrybucj\u0105 sprzedawanych produkt\u00f3w.\" \/>\n<meta property=\"og:url\" content=\"https:\/\/mahpack.pl\/\" \/>\n<meta property=\"og:site_name\" content=\"MAH PACK\" \/>\n<meta property=\"article:modified_time\" content=\"2022-09-16T12:25:29+00:00\" \/>\n<meta name=\"twitter:card\" content=\"summary_large_image\" \/>\n<meta name=\"twitter:label1\" content=\"Szacowany czas czytania\" \/>\n\t<meta name=\"twitter:data1\" content=\"1 minuta\" \/>\n<script type=\"application\/ld+json\" class=\"yoast-schema-graph\">{\"@context\":\"https:\/\/schema.org\",\"@graph\":[{\"@type\":\"WebPage\",\"@id\":\"https:\/\/mahpack.pl\/\",\"url\":\"https:\/\/mahpack.pl\/\",\"name\":\"O nas - MAH PACK\",\"isPartOf\":{\"@id\":\"https:\/\/mahpack.pl\/#website\"},\"datePublished\":\"2020-04-03T19:56:10+00:00\",\"dateModified\":\"2022-09-16T12:25:29+00:00\",\"breadcrumb\":{\"@id\":\"https:\/\/mahpack.pl\/#breadcrumb\"},\"inLanguage\":\"pl-PL\",\"potentialAction\":[{\"@type\":\"ReadAction\",\"target\":[\"https:\/\/mahpack.pl\/\"]}]},{\"@type\":\"BreadcrumbList\",\"@id\":\"https:\/\/mahpack.pl\/#breadcrumb\",\"itemListElement\":[{\"@type\":\"ListItem\",\"position\":1,\"name\":\"Strona g\u0142\u00f3wna\",\"item\":\"https:\/\/mahpack.pl\/\"},{\"@type\":\"ListItem\",\"position\":2,\"name\":\"O nas\"}]},{\"@type\":\"WebSite\",\"@id\":\"https:\/\/mahpack.pl\/#website\",\"url\":\"https:\/\/mahpack.pl\/\",\"name\":\"MAH PACK\",\"description\":\"All about packaging\",\"potentialAction\":[{\"@type\":\"SearchAction\",\"target\":{\"@type\":\"EntryPoint\",\"urlTemplate\":\"https:\/\/mahpack.pl\/?s={search_term_string}\"},\"query-input\":\"required name=search_term_string\"}],\"inLanguage\":\"pl-PL\"}]}<\/script>\n<!-- \/ Yoast SEO plugin. -->","yoast_head_json":{"title":"O nas - MAH PACK","robots":{"index":"index","follow":"follow","max-snippet":"max-snippet:-1","max-image-preview":"max-image-preview:large","max-video-preview":"max-video-preview:-1"},"canonical":"https:\/\/mahpack.pl\/","og_locale":"pl_PL","og_type":"article","og_title":"O nas - MAH PACK","og_description":"Nasz\u0105&nbsp;domen\u0105 jest elastyczno\u015b\u0107! Firma MAH PACK wychodz\u0105c na przeciw potrzebom naszych Klient\u00f3w stale poszerza zakres dzia\u0142alno\u015bci. Od 2017 roku dbamy, o zaopatrzenie firm handlowych, producent\u00f3w oraz piekarni i cukierni we wszelki asortyment zwi\u0105zany z opakowaniem i dystrybucj\u0105 sprzedawanych produkt\u00f3w.","og_url":"https:\/\/mahpack.pl\/","og_site_name":"MAH PACK","article_modified_time":"2022-09-16T12:25:29+00:00","twitter_card":"summary_large_image","twitter_misc":{"Szacowany czas czytania":"1 minuta"},"schema":{"@context":"https:\/\/schema.org","@graph":[{"@type":"WebPage","@id":"https:\/\/mahpack.pl\/","url":"https:\/\/mahpack.pl\/","name":"O nas - MAH PACK","isPartOf":{"@id":"https:\/\/mahpack.pl\/#website"},"datePublished":"2020-04-03T19:56:10+00:00","dateModified":"2022-09-16T12:25:29+00:00","breadcrumb":{"@id":"https:\/\/mahpack.pl\/#breadcrumb"},"inLanguage":"pl-PL","potentialAction":[{"@type":"ReadAction","target":["https:\/\/mahpack.pl\/"]}]},{"@type":"BreadcrumbList","@id":"https:\/\/mahpack.pl\/#breadcrumb","itemListElement":[{"@type":"ListItem","position":1,"name":"Strona g\u0142\u00f3wna","item":"https:\/\/mahpack.pl\/"},{"@type":"ListItem","position":2,"name":"O nas"}]},{"@type":"WebSite","@id":"https:\/\/mahpack.pl\/#website","url":"https:\/\/mahpack.pl\/","name":"MAH PACK","description":"All about packaging","potentialAction":[{"@type":"SearchAction","target":{"@type":"EntryPoint","urlTemplate":"https:\/\/mahpack.pl\/?s={search_term_string}"},"query-input":"required name=search_term_string"}],"inLanguage":"pl-PL"}]}},"_links":{"self":[{"href":"https:\/\/mahpack.pl\/index.php\/wp-json\/wp\/v2\/pages\/14","targetHints":{"allow":["GET"]}}],"collection":[{"href":"https:\/\/mahpack.pl\/index.php\/wp-json\/wp\/v2\/pages"}],"about":[{"href":"https:\/\/mahpack.pl\/index.php\/wp-json\/wp\/v2\/types\/page"}],"author":[{"embeddable":true,"href":"https:\/\/mahpack.pl\/index.php\/wp-json\/wp\/v2\/users\/1"}],"replies":[{"embeddable":true,"href":"https:\/\/mahpack.pl\/index.php\/wp-json\/wp\/v2\/comments?post=14"}],"version-history":[{"count":10,"href":"https:\/\/mahpack.pl\/index.php\/wp-json\/wp\/v2\/pages\/14\/revisions"}],"predecessor-version":[{"id":108,"href":"https:\/\/mahpack.pl\/index.php\/wp-json\/wp\/v2\/pages\/14\/revisions\/108"}],"wp:attachment":[{"href":"https:\/\/mahpack.pl\/index.php\/wp-json\/wp\/v2\/media?parent=14"}],"curies":[{"name":"wp","href":"https:\/\/api.w.org\/{rel}","templated":true}]}}